mainder when 8479 is divided by 1586.
549
Calculate the remainder when 2034130 is divided by 606.
394
What is the remainder when 12068614 is divided by 39?
25
What is the remainder when 5007710 is divided by 452?
2
Calculate the remainder when 19859178 is divided by 81.
3
Calculate the remainder when 483774 is divided by 481253.
2521
Calculate the remainder when 299170 is divided by 2692.
358
Calculate the remainder when 394695838 is divided by 4543.
4541
Calculate the remainder when 498165 is divided by 248273.
1619
Calculate the remainder when 3709363 is divided by 337214.
9
What is the remainder when 4475933 is divided by 6216?
413
Calculate the remainder when 536538 is divided by 1916.
58
Calculate the remainder when 27119691 is divided by 1043064.
27
What is the remainder when 377467 is divided by 592?
363
What is the remainder when 4865999 is divided by 369?
365
What is the remainder when 123400 is divided by 2684?
2620
Calculate the remainder when 112173 is divided by 56068.
37
What is the remainder when 3517136 is divided by 51?
23
What is the remainder when 447631 is divided by 24840?
511
Calculate the remainder when 233866 is divided by 708.
226
What is the remainder when 1172155 is divided by 293012?
107
What is the remainder when 349789 is divided by 30?
19
What is the remainder when 6498 is divided by 612?
378
Calculate the remainder when 352631 is divided by 3299.
2937
Calculate the remainder when 2591862 is divided by 323980.
22
What is the remainder when 96496 is divided by 2184?
400
Calculate the remainder when 599578 is divided by 8796.
1450
What is the remainder when 3438743 is divided by 12200?
10543
What is the remainder when 388118446 is divided by 36?
34
What is the remainder when 20957673 is divided by 119?
107
What is the remainder when 4636409 is divided by 841?
817
What is the remainder when 100491 is divided by 33467?
90
Calculate the remainder when 44830679 is divided by 111.
110
What is the remainder when 20563 is divided by 26?
23
What is the remainder when 78951 is divided by 11173?
740
Calculate the remainder when 10230534 is divided by 59136.
6
Calculate the remainder when 92265114 is divided by 457.
13
Calculate the remainder when 5011081 is divided by 3519.
25
Calculate the remainder when 43078 is divided by 1355.
1073
What is the remainder when 8337269 is divided by 2907?
2900
What is the remainder when 8503996 is divided by 3?
1
What is the remainder when 2087951 is divided by 3539?
3480
Calculate the remainder when 7381636 is divided by 7381618.
18
Calculate the remainder when 967135 is divided by 483489.
157
What is the remainder when 755643 is divided by 3816?
75
What is the remainder when 154906 is divided by 811?
5
Calculate the remainder when 1403300 is divided by 81.
56
Calculate the remainder when 42617005 is divided by 289911.
88
Calculate the remainder when 63604161 is divided by 2382.
2379
What is the remainder when 921299 is divided by 97?
90
What is the remainder when 935775 is divided by 133681?
8
What is the remainder when 161878419 is divided by 110?
109
Calculate the remainder when 2916490 is divided by 99.
49
What is the remainder when 7577568 is divided by 293?
2
What is the remainder when 41103188 is divided by 21?
14
What is the remainder when 789931 is divided by 2992?
43
What is the remainder when 383554 is divided by 364?
262
Calculate the remainder when 38421 is divided by 16.
5
Calculate the remainder when 1733513 is divided by 35.
33
Calculate the remainder when 12505513 is divided by 3.
1
Calculate the remainder when 288320 is divided by 7586.
52
What is the remainder when 1179600 is divided by 147440?
80
What is the remainder when 69765 is divided by 5738?
909
Calculate the remainder when 8336662 is divided by 476.
474
What is the remainder when 26822074 is divided by 31?
6
Calculate the remainder when 56392825 is divided by 942.
937
Calculate the remainder when 23785 is divided by 5818.
513
What is the remainder when 117323891 is divided by 74?
73
What is the remainder when 250875 is divided by 275?
75
What is the remainder when 707325 is divided by 813?
15
Calculate the remainder when 1171216 is divided by 16974.
10
What is the remainder when 666411 is divided by 2314?
2293
What is the remainder when 965437 is divided by 4199?
3866
Calculate the remainder when 4364845 is divided by 1301.
1291
What is the remainder when 31366767 is divided by 2?
1
Calculate the remainder when 163762941 is divided by 16.
13
Calculate the remainder when 18771226 is divided by 166117.
5
What is the remainder when 15085458 is divided by 125?
83
Calculate the remainder when 16611 is divided by 5277.
780
What is the remainder when 12484832 is divided by 37?
33
What is the remainder when 15503413 is divided by 968963?
5
What is the remainder when 295058 is divided by 7947?
1019
Calculate the remainder when 78875 is divided by 1145.
1015
Calculate the remainder when 76329961 is divided by 48.
25
What is the remainder when 16838434 is divided by 195?
184
Calculate the remainder when 145214337 is divided by 354.
351
Calculate the remainder when 30446542 is divided by 6089302.
32
Calculate the remainder when 1852387 is divided by 30.
7
What is the remainder when 21921 is divided by 15024?
6897
Calculate the remainder when 31307 is divided by 7805.
87
Calculate the remainder when 201622 is divided by 2449.
804
Calculate the remainder when 41686 is divided by 399.
190
What is the remainder when 10200911 is divided by 3400299?
14
What is the remainder when 882940 is divided by 5967?
5791
What is the remainder when 542549 is divided by 60281?
20
Calculate the remainder when 354090 is divided by 5647.
3976
What is the remainder when 14676083 is divided by 2842?
2837
Calculate the remainder when 331260 is divided by 23611.
706
Calculate the remainder when 350522 is divided by 350461.
61
What is the remainder when 7755039 is divided by 17?
13
What is the remainder when 60979391 is divided by 486?
485
What is the remainder when 679136 is divided by 39913?
615
What is the remainder when 62000671 is divided by 699?
70
Calculate the remainder when 11784107 is divided by 2945979.
191
Calculate the remainder when 26172117 is divided by 1308605.
17
Calculate the remainder when 39743122 is divided by 625.
622
What is the remainder when 8699603 is divided by 2174887?
55
Calculate the remainder when 37173536 is divided by 31664.
0
Calculate the remainder when 24555 is divided by 23592.
963
Calculate the remainder when 1386555 is divided by 41.
17
Calculate the remainder when 35853755 is divided by 17926872.
11
What is the remainder when 7689 is divided by 7688?
1
Calculate the remainder when 30223 is divided by 8636.
4315
Calculate the remainder when 111628 is divided by 1201.
1136
What is the remainder when 7671182 is divided by 5503?
0
What is the remainder when 60308641 is divided by 27?
10
Calculate the remainder when 1629293 is divided by 341.
336
What is the remainder when 4932162 is divided by 2486?
2424
Calculate the remainder when 442643 is divided by 248.
211
What is the remainder when 1969035 is divided by 1606?
79
What is the remainder when 96716 is divided by 2429?
1985
Calculate the remainder when 1355153 is divided by 53.
49
What is the remainder when 143484 is divided by 1670?
1534
Calculate the remainder when 1061471 is divided by 26512.
991
What is the remainder when 2457911 is divided by 123?
2
Calculate the remainder when 14039185 is divided by 19.
9
What is the remainder when 204116 is divided by 290?
246
Calculate the remainder when 20550624 is divided by 72.
24
Calculate the remainder when 102709 is divided by 17111.
43
What is the remainder when 1849364 is divided by 2688?
20
What is the remainder when 21996081 is divided by 6568?
6417
What is the remainder when 31547615 is divided by 155?
0
Calculate the remainder when 4109093 is divided by 361.
191
What is the remainder when 45144367 is divided by 11286081?
43
What is the remainder when 172484 is divided by 1780?
1604
Calculate the remainder when 873796 is divided by 87379.
6
Calculate the remainder when 242902159 is divided by 13.
6
What is the remainder when 120461 is divided by 1158?
29
Calculate the remainder when 794679 is divided by 9